33 and 76449?
51
Calculate the highest common divisor of 789 and 6575.
263
What is the highest common divisor of 174 and 177045?
87
Calculate the greatest common factor of 3241 and 59264.
463
What is the highest common divisor of 906 and 11166?
6
What is the greatest common divisor of 72602 and 124?
62
Calculate the highest common factor of 7425 and 1252800.
675
Calculate the greatest common divisor of 4200 and 45528.
168
What is the greatest common factor of 297 and 71?
1
What is the greatest common factor of 2940 and 17500?
140
What is the highest common divisor of 5487 and 34279?
59
Calculate the greatest common factor of 12 and 39309.
3
What is the greatest common factor of 5776245 and 135?
135
What is the greatest common factor of 312 and 12948?
156
What is the highest common divisor of 2464 and 15376?
16
What is the highest common divisor of 77973 and 301?
7
Calculate the greatest common factor of 366054 and 6591.
507
What is the highest common factor of 3366 and 4026?
66
Calculate the greatest common divisor of 177086 and 26.
26
Calculate the highest common divisor of 23283 and 936.
117
Calculate the greatest common divisor of 174474 and 7776.
486
Calculate the greatest common divisor of 127 and 10837037.
127
What is the greatest common divisor of 108 and 282069?
27
Calculate the highest common divisor of 8 and 103.
1
Calculate the highest common divisor of 2058 and 273.
21
What is the greatest common factor of 29392 and 1012?
44
Calculate the greatest common factor of 55 and 22891.
11
What is the highest common divisor of 784 and 59?
1
What is the greatest common divisor of 69 and 43884?
69
What is the greatest common factor of 493 and 5831?
17
Calculate the highest common divisor of 120 and 129560.
40
What is the highest common factor of 1474 and 167266?
22
Calculate the highest common factor of 940250 and 250.
250
Calculate the highest common factor of 45195 and 2415.
345
Calculate the greatest common divisor of 40212 and 468.
36
Calculate the highest common divisor of 80 and 67472.
16
What is the greatest common factor of 950931 and 1079?
83
Calculate the highest common factor of 18 and 85980.
6
What is the greatest common divisor of 60 and 530?
10
What is the greatest common divisor of 100858 and 1688?
422
What is the highest common divisor of 51 and 6334863?
51
Calculate the greatest common factor of 322 and 231610.
46
Calculate the greatest common factor of 1007437 and 171.
19
What is the highest common divisor of 162404 and 3168?
44
Calculate the greatest common factor of 2600 and 90350.
650
What is the greatest common divisor of 288 and 19512?
72
What is the highest common factor of 770 and 19690?
110
Calculate the greatest common factor of 2140085 and 155.
155
Calculate the highest common factor of 11632464 and 144.
144
Calculate the highest common divisor of 21696 and 46782.
678
Calculate the greatest common divisor of 44776 and 8468.
116
Calculate the greatest common divisor of 6015 and 405.
15
What is the greatest common divisor of 36 and 263160?
36
What is the greatest common divisor of 799306 and 238?
34
Calculate the highest common factor of 104 and 757003.
13
Calculate the greatest common factor of 26593 and 3451.
203
Calculate the greatest common divisor of 389785 and 10.
5
Calculate the highest common divisor of 755 and 430652.
151
Calculate the highest common factor of 19894 and 1519.
49
Calculate the greatest common divisor of 44720 and 651020.
860
What is the greatest common factor of 23 and 7245?
23
Calculate the greatest common factor of 48 and 32432.
16
What is the highest common divisor of 35643 and 2725?
109
What is the greatest common divisor of 36 and 253998?
18
What is the greatest common factor of 80052 and 168?
84
What is the highest common factor of 11904 and 10368?
384
What is the highest common divisor of 17138 and 76?
38
What is the highest common factor of 55505 and 595?
85
Calculate the greatest common factor of 48 and 18843.
3
Calculate the greatest common factor of 1065 and 2414.
71
What is the greatest common divisor of 221 and 408629?
221
Calculate the highest common factor of 108 and 33318.
54
Calculate the greatest common factor of 1358 and 715860.
194
What is the greatest common factor of 165 and 7815?
15
Calculate the greatest common divisor of 10245 and 90.
15
What is the highest common factor of 217267 and 3674?
167
Calculate the highest common divisor of 26775512 and 2344.
2344
What is the highest common divisor of 2 and 433086?
2
What is the greatest common factor of 40 and 7225?
5
What is the greatest common factor of 85744 and 6992?
368
What is the highest common divisor of 322060 and 100?
20
Calculate the greatest common divisor of 315 and 16290.
45
Calculate the greatest common divisor of 2380 and 1598.
34
What is the greatest common divisor of 110 and 1520508?
22
What is the greatest common divisor of 304 and 133228?
76
What is the greatest common factor of 51851 and 133?
19
Calculate the highest common factor of 7661713 and 493.
493
Calculate the greatest common factor of 2339 and 19.
1
What is the greatest common divisor of 22990 and 6365?
95
What is the highest common divisor of 741 and 2451?
57
What is the greatest common factor of 41116 and 42198?
1082
What is the highest common divisor of 84022 and 86?
86
What is the greatest common divisor of 14 and 533813?
7
Calculate the highest common divisor of 2802 and 402.
6
What is the highest common divisor of 39 and 140907?
39
What is the greatest common factor of 1745358 and 1146?
1146
Calculate the highest common factor of 12905 and 97544.
89
Calculate the highest common factor of 18249 and 264.
33
What is the highest common divisor of 578096 and 64?
16
What is the greatest common factor of 29304 and 165?
33
What is the greatest common divisor of 1043 and 301?
7
What is the highest common factor of 5188446 and 18?
18
What is the highest common divisor of 1726503 and 153?
51
Calculate the greatest common factor of 192 and 2916.
12
What is the highest common divisor of 156039 and 104?
13
Calculate the greatest common factor of 153171 and 162.
81
What is the highest common factor of 783 and 91017?
27
What is the greatest common divisor of 75 and 33819?
3
Calculate the greatest common factor of 699 and 3242661.
699
What is the highest common divisor of 1207 and 323?
17
Calculate the highest common factor of 377894 and 178.
178
What is the greatest common divisor of 7 and 86401?
7
What is the highest common factor of 44178 and 37?
37
Calculate the greatest common factor of 30 and 1806.
6
Calculate the greatest common divisor of 380 and 285912.
76
Calculate the highest common factor of 8610 and 50307.
123
What is the greatest common factor of 14973 and 21252?
483
Calculate the greatest common divisor of 210620 and 20.
20
What is the highest common factor of 56 and 2216?
8
Calculate the greatest common factor of 2386300 and 35.
35
Calculate the greatest common divisor of 13563 and 274.
137
Calculate the highest common divisor of 35490 and 4760.
70
What is the highest common factor of 11224 and 1334?
46
What is the greatest common divisor of 5481 and 12?
3
What is the highest common divisor of 27 and 641313?
9
Calculate the highest common divisor of 48 and 411828.
12
What is the highest common divisor of 125 and 37075?
25
What is the highest common factor of 76239 and 106380?
1773
What is the greatest common factor of 860 and 7138860?
860
What is the greatest common divisor of 1824 and 5282?
38
Calculate the highest common factor of 3339 and 14151.
159
What is the highest common factor of 3 and 9147?
3
What is the greatest common factor of 1552596 and 218?
218
Calculate the highest common divisor of 21385 and 2585.
235
Calculate the highest common divisor of 38 and 7066.
2
Calculate the highest common factor of 461 and 275217.
461
Calculate the greatest common divisor of 59 and 374.
1
Calculate the highest common divisor of 3245945 and 365.
365
Calculate the greatest common divisor of 6612 and 28044.
228
What is the greatest common factor of 449241 and 39?
39
What is the highest common divisor of 56 and 49304?
8
What is the greatest common factor of 354 and 110094?
354
Calculate the greatest common factor of 52545 and 17289.
339
Calcu